 Suppose -4*y + 11 = 2*q - 3*y, -q - 7 = -2*y. Suppose -q*l + 5*l = 6. What is the remainder when z(l) is divided by 6?
5
Let h = 26 + -14. Calculate the remainder when 46 is divided by h.
10
Suppose i - s - 52 = -17, -2*i = 2*s - 58. Calculate the remainder when 158 is divided by i.
30
Suppose z + 3*a - 43 + 6 = 0, -2*z + 71 = 3*a. Suppose -2*j + z = -0*j. Let b = j - 4. What is the remainder when 25 is divided by b?
12
Suppose 4*d + 12 = -2*h, 2*d - d = h. Let l be (23 + -5)*(d + 0). Calculate the remainder when 2 is divided by l/(-21) + 6/21.
0
Let a be 9/5 - 1/(-5). Suppose f + a*f = 24. What is the remainder when f is divided by 4?
0
Calculate the remainder when 17 is divided by 5 + 1 + 4 - 4.
5
Suppose 0 = -5*r - 5*d + 75, -r + d = -0*d - 15. Calculate the remainder when r is divided by 4.
3
Suppose -30*b - 20 = -40*b. Calculate the remainder when 9 is divided by b.
1
Let t(m) = 2 + 3*m - 2*m - 3. Let s be t(4). Suppose -q + 56 = s*q. What is the remainder when 40 is divided by q?
12
Suppose -2*v + 73 = -39. Calculate the remainder when v is divided by 30.
26
Let c(b) = b**3 + 7*b**2 - 8*b. Let x be c(-8). Let z be x/4 - (-12)/2. Let j = z + -1. Calculate the remainder when j is divided by 2.
1
Let q(t) = 2*t**2 - 3*t. Let s be q(2). Suppose -p + 3*p + s = 0. Calculate the remainder when 43 is divided by (-15 - 0)/(p - 0).
13
Let d be 2*(1/2 - -1). Suppose k = -d*k - 12. What is the remainder when 30 is divided by 8*k*6/(-9)?
14
Suppose -5 = -2*r - f, -8*r + 4*r = f - 5. Suppose -3*n + 16 = -z - 17, r = -2*n + 5*z + 22. Calculate the remainder when 20 is divided by n.
9
Suppose 0 = 2*b - 17 - 15. Let w = -3 + 7. Suppose 14 - 134 = -w*g. What is the remainder when g is divided by b?
14
Suppose 5*x = 3*o - 137, 0 = 2*o - 2*x - 49 - 41. What is the remainder when o is divided by 9?
8
Let d(i) = 42*i - 5. What is the remainder when d(1) is divided by 14?
9
Let l = -56 + 82. Let a = 15 - 30. Let z = a - -29. What is the remainder when l is divided by z?
12
Let i(r) = 7*r - 13. Let f be i(-6). Let s = f - -110. Let m(d) = 2*d**3 - 3*d**2 - 3*d + 1. What is the remainder when s is divided by m(3)?
17
Let n(t) = 1 + 0 + 4*t**2 - 5 + t + 0. What is the remainder when n(-3) is divided by 15?
14
Suppose b - 25 = -r, 0 = 3*r - 5*r + 5*b + 78. Suppose 8*d = 11*d - 18. Calculate the remainder when r is divided by d.
5
Let j = -24 - -46. Let v(k) = -k**2 + 18*k + 12. What is the remainder when j is divided by v(18)?
10
Suppose -1 = -2*k + g, 5*k - 3*g - 1 = -g. Let f(w) = -w - 1. What is the remainder when (k - 4)*15/(-3) is divided by f(-10)?
7
Let y = 12 + -6. Let m(o) = o**3 + 4*o**2 + 2. Calculate the remainder when m(-2) is divided by y.
4
Suppose -a + 4*a - 47 = 2*l, 3*l = 3*a - 45. Calculate the remainder when 65 is divided by a.
14
Suppose 0*s - 6 = -2*s, -5*s + 111 = 3*h. Calculate the remainder when 126 is divided by h.
30
Let v(j) = j**3 + 5*j**2 - 7*j + 6. Let w be (-4)/18 - (-312)/(-54). Calculate the remainder when 46 is divided by v(w).
10
Suppose -4*y - y = 0. Let i be -2 + (2 - -3)*4. Suppose y = 2*o + 2 - i. What is the remainder when o is divided by 5?
3
Let r be 0 - -3 - (2 - 0). Suppose -3*o = r - 37. Let t(x) = -x**3 + 10*x**2 + x + 13. What is the remainder when t(10) is divided by o?
11
Let f(m) be the third derivative of -m**4/8 - 2*m**3/3 - 2*m**2. What is the remainder when 42 is divided by f(-5)?
9
Let x = -26 + 36. Calculate the remainder when 39 is divided by x.
9
Suppose -2*w - 19 = -317. Suppose 3*u = 4 + w. What is the remainder when u is divided by 13?
12
Suppose 0*n = 3*n - 9. Suppose -16 = n*l - 5*l. What is the remainder when (-3)/((-3)/11)*2 is divided by l?
6
Suppose g - 2 = -0. Suppose -h = 4*f - 15, 2*f + 2*h = 1 + 11. Calculate the remainder when (-2)/6*(-3 - f) is divided by g.
0
Let j(d) = d + 16. Let a be j(0). Suppose t + a = 5*t. Let p = 2 + 0. What is the remainder when t is divided by p?
0
Let y = 41 + 0. Let a(x) = x**3 + x - x**2 - 2*x + 14 + 0*x**3. What is the remainder when y is divided by a(0)?
13
Suppose -2*s + 45 = -5*s. Let m(d) = 3*d**3 - d - 2. What is the remainder when m(2) is divided by 9 - (-5)/(s/(-6))?
9
Let m = -11 + 22. What is the remainder when 54 is divided by m?
10
Suppose -12*r + 385 = 121. Calculate the remainder when r is divided by 14.
8
Suppose -4*h + 5*n - 8 = 0, -3*h - 2*n = -22 + 5. Calculate the remainder when 3 is divided by h.
0
Let m be (-264)/2 - 1 - 1. Let k be m/(-4) + (-4)/(-8). Suppose 3*w - k = w. Calculate the remainder when w is divided by 9.
8
Let u(n) = -5 - 10*n**2 - 3*n**3 + 7 + n**2 + 2*n**3. Let s = -31 + 22. Calculate the remainder when u(s) is divided by 1.
0
Suppose -8*d + 6*d + 119 = -5*w, 0 = -4*d - w + 293. Calculate the remainder when d is divided by 25.
22
Suppose 0 = 2*g - w + 4, -2*w = g + 3*w - 20. Suppose g = 5*v - 3*v - 40. Let a = -60 - -98. Calculate the remainder when a is divided by v.
18
Let f = -5 - -50. Calculate the remainder when f is divided by 16.
13
Suppose -2*i + 0*o = -o - 1, 2*i = -4*o + 16. Suppose -a + 3*m - 21 + 66 = 0, 87 = i*a - 5*m. What is the remainder when a is divided by 10?
6
Let b(v) = -v**2 + v - 130. Let u be b(0). Let g = -67 - u. Suppose 5*n - 59 = -m + g, -n = -m - 28. Calculate the remainder when n is divided by 9.
7
Suppose -3*y + 4*y = 16. Calculate the remainder when 1/3 - 131/(-3) is divided by y.
12
Let y(a) = -a**2 - 15*a + 16. Calculate the remainder when 62 is divided by y(-15).
14
Suppose 0 = -3*j + 18 + 39. Let q = j - 0. Let r = 24 - -31. What is the remainder when r is divided by q?
17
Let d be 3 - 2 - -1 - 0. Suppose 0*l + 8 = d*l. Suppose l*p + 3*z = 13, p + 3*z = z + 7. What is the remainder when 1 is divided by p?
0
Suppose 5*v - 16 = v. Let g be 10*26/4*1. Suppose 4*y = 3*h + 50, -5*y - 3*h + g = -8*h. Calculate the remainder when y is divided by v.
3
Let w = 7 - 5. Suppose d + d - w = 0, j + 5*d - 15 = 0. What is the remainder when 29 is divided by j?
9
Let b be (21/(-14))/(3/(-8)). Suppose 5*l = 5, k - b*k = 4*l - 22. What is the remainder when 16 is divided by k?
4
What is the remainder when -1*3 - (-2 + -71) is divided by 36?
34
Let y = -6 + 25. Suppose -2*h + y = 5. Calculate the remainder when 13 is divided by h.
6
Let z be -2*-5*1/2. Suppose 0 = -j, 3*m - 15 = z*j + 24. Suppose -12 + 68 = 8*p. What is the remainder when m is divided by p?
6
Let l be (-2 - 0)/2 + 1. Let c be (-1 + l)*1 + 14. Let q = c - -3. What is the remainder when q is divided by 6?
4
Let f be 56/(-6)*42/(-4). Suppose 5*j + 71 - 291 = 0. Suppose -f = -3*q - 5*g, -2*q - 3*g = -5*g - j. What is the remainder when q is divided by 14?
12
Suppose -4*v + 11 = -g + 43, -5*v - 49 = -2*g. Let x = g + -4. Suppose 6*z = 2*z + x. Calculate the remainder when 6 is divided by z.
0
Let z(r) = r**2 + r + 2. Calculate the remainder when z(-5) is divided by 5/(-20) - 98/(-8).
10
Suppose -13*m + 178 = 48. Suppose 4*l = -2*z + 26 + 52, 5*l - 99 = -3*z. Calculate the remainder when l is divided by m.
8
Let x(c) be the second derivative of -c**5/20 - 2*c**4/3 - 4*c**3/3 + 9*c**2/2 - c. Let d(j) = -j**2 + 47. What is the remainder when d(0) is divided by x(-7)?
15
Suppose 3*d + 5*r - 8 = 0, d + 13 = 4*d + 4*r. Let p = 6 - 4. Suppose p*w = -4*u + 162, 2*u + 2*u = 4*w + 168. What is the remainder when u is divided by d?
8
Suppose 2*g - 5 - 1 = 0. Suppose -5*u = 4*a - 47, a = -3*u - g + 20. Suppose 4*j + j = 75. Calculate the remainder when j is divided by a.
7
Suppose -r + 28 = r - 5*b, 0 = -5*r - b + 43. What is the remainder when r is divided by 3?
0
Let b be 418/6 - 4/(-12). Suppose t - 2*t = -b. Calculate the remainder when t is divided by 24.
22
Suppose 0 = -5*h + 5*p, 4 = 2*h - 7*h + 3*p. Calculate the remainder when -4*1/h - -26 is divided by (-3)/6*6 + 13.
8
Suppose 0 = -5*l - 5*i + 390, l + i = -4*i + 82. Calculate the remainder when l is divided by 20.
17
Calculate the remainder when 187/2 + 5/20*2 is divided by 12.
10
Let c = -47 + 110. Let d(q) = 2*q + 2. What is the remainder when c is divided by d(7)?
15
Suppose 0 = -4*v - 0*v + 32. What is the remainder when 14 is divided by v?
6
Let j = 37 + 1. Calculate the remainder when 112 is divided by j.
36
Suppose -3*l + 73 + 14 = 0. What is the remainder when 85 is divided by l?
27